o. List the prime factors of q(i).
2, 3
Suppose m = -h + 6*m + 21, 2*h = -4*m - 28. What are the prime factors of 34 - (3 + (-4)/h)?
2, 3, 5
Suppose o + 16 = 5*v - 10, 5*v = 3*o + 28. Let c(t) = t**3 - t**2 - 2*t + 1. What are the prime factors of c(v)?
7, 13
Suppose 0*c - 3*c = -93. Suppose c = -3*j - 92. Let x = -18 - j. List the prime factors of x.
23
Let w(y) = -1055*y**3 - y**2 - 2*y - 3. List the prime factors of w(-1).
3, 13
Let c(g) = g**3 + 26*g**2 - 26*g + 42. What are the prime factors of c(-26)?
2, 359
Let i(d) = 2*d**3 - 12*d**2 + 6*d + 15. What are the prime factors of i(13)?
2459
Suppose 3*n = j - 1463, 2*j = -4*n + 745 + 2161. List the prime factors of j.
31, 47
Let l be 5/(-10)*-32 + (-4)/(-2). What are the prime factors of (3 - (-6425)/45) + 4/l?
2, 73
Let u(p) = 2*p**2 + 10*p + 14. Let c be u(-2). Let b(v) = -6*v + 4. Let r be b(-6). Suppose -4*l + r = -c*l. What are the prime factors of l?
2, 5
Let z = 1557 - 546. List the prime factors of z.
3, 337
Suppose -12*g = 7*g - 5396. List the prime factors of g.
2, 71
Suppose -q + 276 - 93 = 0. List the prime factors of q.
3, 61
Let w(o) = 12*o**2 + 2*o + 8. List the prime factors of w(-5).
2, 149
Let r = 5 + -1. Let a be 2*r/8*4. What are the prime factors of a - (0/4 + 1)?
3
Let t(q) = -q**3 + 5*q**2 - 4*q - 4. Let y be t(4). Let o(w) = -w**3 - 8*w**2 - w - 15. Let c be o(-8). Let s = y - c. List the prime factors of s.
3
Suppose 0*x = -4*x + 16, -2*b + 544 = -5*x. List the prime factors of b.
2, 3, 47
Suppose 0 = -3*g + 272 + 358. Let b = -146 + g. What are the prime factors of b?
2
Let z(u) = -6*u + 11. Let c be z(-14). Suppose 5*q - 2*b = 988, 0 = q - 4*b - 307 + c. What are the prime factors of q?
2, 7
Let j(l) = l**3 + 5*l**2 - 3*l - 4. Let f(u) be the first derivative of -u**3/3 + u**2/2 + u - 2. Let n be f(-2). What are the prime factors of j(n)?
11
Let r(p) = 3*p**3 - 17*p**2 - 27*p - 30. Let t(s) = -4*s**3 + 16*s**2 + 27*s + 29. Let l(m) = 5*r(m) + 4*t(m). List the prime factors of l(-20).
2, 53
Let v(d) = -9*d + 6. Let r be v(1). List the prime factors of 0 + (-103)/r + (-18)/(-27).
5, 7
Let m = -1154 + 3970. What are the prime factors of m?
2, 11
Let o be 12/5*15/(-2). Let u be 0 + (41 - 1 - -1). Let v = o + u. List the prime factors of v.
23
Let m(t) = -2*t + 1. Let y be m(-1). Suppose -o + 1 = -4*n, 0 = -5*o + 4*n - y*n - 71. Let b = 3 - o. List the prime factors of b.
2, 3
Suppose -2*z - 4049 = -143*d + 138*d, -d - 3*z + 803 = 0. List the prime factors of d.
809
Suppose 9 = r - 0*r. Let i = 14 - r. Suppose -i = -g + 7. List the prime factors of g.
2, 3
Let v = -38 + 42. What are the prime factors of (-596)/(-4) + v + -2?
151
Let z = 1271 + -890. List the prime factors of z.
3, 127
Let o be (-296)/(-40) - 4/10. Let b be o*4*3/42. Suppose b*r = x + 93, 0*r + 2*r = -x + 95. List the prime factors of r.
47
Suppose -18*h + 5525 = -3817. List the prime factors of h.
3, 173
Let x(a) be the second derivative of -17*a**5/5 - a**4/6 - a**3/3 - a**2/2 + 12*a. What are the prime factors of x(-1)?
67
List the prime factors of 36/(-18) + 1223/((-2)/(-2)).
3, 11, 37
Let d be (24/40)/((-3)/(-15)). Suppose d*a = 12, -c = 4*c - a - 431. List the prime factors of c.
3, 29
What are the prime factors of (0 + 1 + 300)*(-54 + 62)?
2, 7, 43
Let d be ((-6)/9)/((-6)/63). Suppose d*g + 258 = 748. What are the prime factors of g?
2, 5, 7
Suppose 5*r - 375 - 1971 = l, 4*r = -3*l + 1892. List the prime factors of r.
2, 5, 47
Let u be (-2)/(-9) - 52/(-9). Let l(r) = r**2 + 3*r - 6. Let f be l(u). What are the prime factors of 10*(-2 - f/(-10))?
2, 7
Let w = 42 + -81. What are the prime factors of w/(-1)*2/3?
2, 13
Let y = 501 - 500. Suppose t - 18 = 2*t. What are the prime factors of (0 + t)*(-2)/y?
2, 3
Let s be -7*(2 - 424/(-28)). Let n = s - -380. Suppose 146 = 7*l - n. List the prime factors of l.
2, 29
Let o(h) = -h + 4. Let j(z) = 3*z - 1. Let u be j(3). Let p = u - 8. List the prime factors of o(p).
2
Suppose 91*w - 1680 = 21*w. List the prime factors of w.
2, 3
Suppose 4*v = v + 54. Let k = 34 - v. List the prime factors of k.
2
List the prime factors of (-9240)/(-32) - (0 - (-3)/4).
2, 3
Let y be (-2 - -1)*(-2 - -1). Let j be 3/(-3) - y/(-1). Suppose -4*p + 9*p - 10 = j. List the prime factors of p.
2
Let p = -52 - -110. Let s = 53 + p. What are the prime factors of s?
3, 37
Let b(v) = -v - 3. Suppose 0*d - 40 = -5*d. Let r = d + -14. List the prime factors of b(r).
3
Let v(b) = 3*b**2 - 7*b + 10. List the prime factors of v(11).
2, 37
Let o = 803 + -469. What are the prime factors of o?
2, 167
Suppose 12*u - 930 = 2910. List the prime factors of u.
2, 5
Let b = -7 + 11. Let q be (-22)/4*(-26)/13. Suppose -q*a = -b*a - 182. What are the prime factors of a?
2, 13
Let w(f) = -f**3 - 5*f**2 + 7*f + 3. Suppose -6 = 4*k - k + 4*l, -k = 3*l - 3. Let z be w(k). Let n(q) = -5*q - 7. What are the prime factors of n(z)?
2
Suppose -h = 5*g - 4*g + 18, 0 = -5*g. Let l be ((-16)/6)/(1/h). List the prime factors of l/20*25/2.
2, 3, 5
Suppose -a + 14*a = 52. Let g be 14/4 - 2/4. Suppose -5*h - a*n = -67, -g*n - 63 - 3 = -4*h. List the prime factors of h.
3, 5
Let f(b) = b**3 - 3*b**2 + 2*b + 2. Let q(d) = -d**3 - 10*d**2 - 9*d + 2. Let j be q(-9). Let z be f(j). List the prime factors of (-6 + z + 1)*-5.
3, 5
Suppose -16 + 4 = 4*u, u = -r + 389. Suppose -3*j - q = 242 - 809, -4*q - r = -2*j. What are the prime factors of j?
2, 5, 19
Suppose -11*z - g = -10*z - 353, 5*z + 4*g = 1767. List the prime factors of z.
5, 71
Suppose -3*x + 8*x + 2 = -3*l, 0 = -5*x - 20. Let m be 1006/l - (-8)/24. List the prime factors of m/6 - 2/(-2).
29
Let a = 781 - 72. What are the prime factors of a?
709
Let i = 22 + -13. Let y be 29 - 1 - (-10 + i). Suppose 10 = 3*j - y. List the prime factors of j.
13
Suppose 0 = 3*k + 2*p, -7*k = -2*k - 2*p - 16. Suppose 0 = -g + k - 0. Suppose -n + 66 = 5*o, 3*n + 26 = -o + g*o. List the prime factors of o.
2, 7
Suppose 2*m - o - 4*o - 22 = 0, 4*o = 2*m - 20. Suppose 0 = 4*c + m - 22. Suppose f - c*f + 36 = 0. List the prime factors of f.
2, 3
Suppose -20*d + 150470 = 62*d. List the prime factors of d.
5, 367
Let c(z) = z**2 - 7*z + 6. Let r be c(6). Let d(q) = 2*q**2 - q + 117. List the prime factors of d(r).
3, 13
Let m(v) = -v**2 - 10*v + 1. Let j be m(-10). Suppose 0 = b - 13 + j. Suppose b*o - 10*o - 24 = 0. What are the prime factors of o?
2, 3
Suppose -2*r = 3*r - 10. Let z = 2 + r. Suppose 2*h = 3*j + 34, -2*h + 62 = -0*h + z*j. What are the prime factors of h?
23
Let f(z) = 2*z**2 + 7*z + 1. Let b be f(-5). Suppose -3*r - b - 2 = -3*k, -3*k + 22 = r. Suppose 0 = p - 2*p + k. List the prime factors of p.
7
Suppose 4*x + 19 = 47. Let b(q) = -2 + 0 - x*q + 25*q. List the prime factors of b(1).
2
Let m(l) = 18*l - 96. Let w(s) = 3*s - 16. Let b(f) = -6*m(f) + 34*w(f). List the prime factors of b(-9).
2, 43
Let k be 4/(-14) - (-3 - (-128)/(-7)). Suppose 15*p - k*p + 78 = 0. What are the prime factors of p?
13
Let l be 54/(-24) + (-3)/4. Let s(i) be the third derivative of i**5/30 - i**4/6 - 2*i**3/3 - i**2. What are the prime factors of s(l)?
2, 13
Suppose 0 = -4*v - 7*x + 4*x - 1100, 3*v - 4*x + 825 = 0. Let u = 135 + v. What are the prime factors of ((-42)/(-35))/((-6)/u)?
2, 7
Let h(y) = 95*y + 211. What are the prime factors of h(5)?
2, 7
Suppose -3*l = 2*l - 25. Let p(s) = -2*s. Let u be p(l). Let j = u - -33. List the prime factors of j.
23
Suppose 0*t = -3*t + 36. Let f be 3/(((-9)/t)/(-1)). Suppose 0 = 4*p - 0*s - f*s - 20, 0 = -4*s + 16. What are the prime factors of p?
3
Let w be 12/24 + (-594)/(-4). Suppose -w + 21 = -2*f. What are the prime factors of f?
2
Suppose 0*j = -3*j + 9. Suppose -1 = 2*u - 9, -u = -j*x + 275. List the prime factors of x.
3, 31
Suppose -2*o = 5*j - 1912, 4*j + 8*o - 6*o - 1528 = 0. List the prime factors of j.
2, 3
Let i = -22 - -361. What are the prime factors of i?
3, 113
Let r(c) = -5*c - 4. Let k be (-248)/(-12) + 2/(-3). Suppose -3*u + 2*f - k = -u, -2*u = f + 14. What are the prime factors of r(u)?
2, 3
Suppose -5*j - 3*d = -3703, -8*j - 4*d + 3699 = -3*j. List the prime factors of j.
743
Suppose 7*a - 10 = 5*a. Suppose -2*j - 160 = -2*r, -r + 4*j = 7*j - 76. Suppose -a*b + r = -46. What are the prime factors of b?
5
List the prime 